{"id":151,"date":"2023-02-23T14:42:45","date_gmt":"2023-02-23T14:42:45","guid":{"rendered":"http:\/\/imkerei-kuehne.de\/?page_id=151"},"modified":"2023-12-01T08:42:29","modified_gmt":"2023-12-01T08:42:29","slug":"veranstaltungen","status":"publish","type":"page","link":"http:\/\/imkerei-kuehne.de\/?page_id=151","title":{"rendered":"Veranstaltungen"},"content":{"rendered":"\n<p>An folgenden Veranstaltungen nehmen wir als Aussteller teil und bieten unseren Honig an:<\/p>\n\n\n\n<p><\/p>\n\n\n\n<p><strong>02. &#8211; 23.12.2023<\/strong> &#8211; Tannenland Possin, Wolfsburger Stra\u00dfe Richtung Ochsendorf, K\u00f6nigslutter &#8211; Verkauf von Honig, kleinen Pr\u00e4senten und regionalem Met<\/p>\n\n\n\n<p><strong>07.12.2023<\/strong> &#8211; Dom\u00e4ne Schickelsheim, Weihnachtsmarkt<\/p>\n\n\n\n<p><strong>15. &#8211; 17.12.2023<\/strong> &#8211; Adventsmarkt in K\u00f6nigslutter, An der Stadtkirche, Verkauf von Honig, Ausschank von hei\u00dfem Met<\/p>\n\n\n\n<p><\/p>\n","protected":false},"excerpt":{"rendered":"<p>An folgenden Veranstaltungen nehmen wir als Aussteller teil und bieten unseren Honig an: 02. &#8211; 23.12.2023 &#8211; Tannenland Possin, Wolfsburger Stra\u00dfe Richtung Ochsendorf, K\u00f6nigslutter &#8211; Verkauf von Honig, kleinen Pr\u00e4senten und regionalem Met 07.12.2023 &#8211; Dom\u00e4ne Schickelsheim, Weihnachtsmarkt 15. &#8211; 17.12.2023 &#8211; Adventsmarkt in K\u00f6nigslutter, An der Stadtkirche, Verkauf von Honig, Ausschank von hei\u00dfem Met<\/p>\n","protected":false},"author":1,"featured_media":0,"parent":0,"menu_order":0,"comment_status":"closed","ping_status":"closed","template":"","meta":{"footnotes":""},"class_list":["post-151","page","type-page","status-publish","hentry"],"_links":{"self":[{"href":"http:\/\/imkerei-kuehne.de\/index.php?rest_route=\/wp\/v2\/pages\/151","targetHints":{"allow":["GET"]}}],"collection":[{"href":"http:\/\/imkerei-kuehne.de\/index.php?rest_route=\/wp\/v2\/pages"}],"about":[{"href":"http:\/\/imkerei-kuehne.de\/index.php?rest_route=\/wp\/v2\/types\/page"}],"author":[{"embeddable":true,"href":"http:\/\/imkerei-kuehne.de\/index.php?rest_route=\/wp\/v2\/users\/1"}],"replies":[{"embeddable":true,"href":"http:\/\/imkerei-kuehne.de\/index.php?rest_route=%2Fwp%2Fv2%2Fcomments&post=151"}],"version-history":[{"count":3,"href":"http:\/\/imkerei-kuehne.de\/index.php?rest_route=\/wp\/v2\/pages\/151\/revisions"}],"predecessor-version":[{"id":208,"href":"http:\/\/imkerei-kuehne.de\/index.php?rest_route=\/wp\/v2\/pages\/151\/revisions\/208"}],"wp:attachment":[{"href":"http:\/\/imkerei-kuehne.de\/index.php?rest_route=%2Fwp%2Fv2%2Fmedia&parent=151"}],"curies":[{"name":"wp","href":"https:\/\/api.w.org\/{rel}","templated":true}]}}

<p>An folgenden Veranstaltungen nehmen wir als Aussteller teil und bieten unseren Honig an:</p>



<p></p>



<p><strong>02. &#8211; 23.12.2023</strong> &#8211; Tannenland Possin, Wolfsburger Straße Richtung Ochsendorf, Königslutter &#8211; Verkauf von Honig, kleinen Präsenten und regionalem Met</p>



<p><strong>07.12.2023</strong> &#8211; Domäne Schickelsheim, Weihnachtsmarkt</p>



<p><strong>15. &#8211; 17.12.2023</strong> &#8211; Adventsmarkt in Königslutter, An der Stadtkirche, Verkauf von Honig, Ausschank von heißem Met</p>



<p></p>

<p>An folgenden Veranstaltungen nehmen wir als Aussteller teil und bieten unseren Honig an: 02. &#8211; 23.12.2023 &#8211; Tannenland Possin, Wolfsburger Straße Richtung Ochsendorf, Königslutter &#8211; Verkauf von Honig, kleinen Präsenten und regionalem Met 07.12.2023 &#8211; Domäne Schickelsheim, Weihnachtsmarkt 15. &#8211; 17.12.2023 &#8211; Adventsmarkt in Königslutter, An der Stadtkirche, Verkauf von Honig, Ausschank von heißem Met</p>
